etermine x(1).
-21
Let n(f) = f**3 - 14*f**2 + 15*f + 15. What is n(14)?
225
Let l(p) = 264*p - 3965. Calculate l(15).
-5
Let v(f) = 117*f + 102. Determine v(-1).
-15
Let m(h) = -39*h**2 + 36*h - 3. Calculate m(1).
-6
Let z(a) = -148*a + 47. Give z(0).
47
Let s(w) = -270*w + 30524. Determine s(113).
14
Let x(g) = g**3 + 75*g**2 - 1256*g - 867. Determine x(-89).
23
Let z(t) = 7*t**2 - 64*t + 2. What is z(9)?
-7
Let a(d) = -d**2 + 26*d - 148. Give a(20).
-28
Let c(w) = 2*w**3 - 58*w**2 - w - 213. Calculate c(29).
-242
Let x(d) = -47*d + 476. Give x(10).
6
Let n(c) = -c**3 + 25*c**2 + 2*c - 22. Give n(25).
28
Let v(m) = -5*m**2 - 71*m - 19. Calculate v(-6).
227
Let v(d) = -10*d - 159. Determine v(-22).
61
Let v(m) = -m**2 - 118*m - 3352. What is v(-46)?
-40
Let g(x) = 9*x**2 - 631*x + 2476. Calculate g(66).
34
Let k(h) = 4*h**3 + 64*h**2 - 348*h - 2279. Determine k(-19).
1
Let i(b) = -4*b**2 + 88*b - 162. Give i(20).
-2
Let i(b) = -6*b**2 + 773*b - 621. Give i(128).
19
Let q(v) = 5*v - 139. Calculate q(31).
16
Let h(d) = -d**2 - 8*d - 3. Determine h(-10).
-23
Let b(a) = -26*a**2 - 1067*a - 53. Give b(-41).
-12
Let b(d) = 4*d**2 - 17*d - 1151. What is b(-15)?
4
Let q(s) = s**3 + s**2 + 50*s - 109. Calculate q(2).
3
Let m(n) = 82*n + 1305. Calculate m(-16).
-7
Let l(w) = w**3 - 12*w**2 + 947*w - 10300. Give l(11).
-4
Let w(f) = -f**2 - 46*f + 142. Give w(0).
142
Let v(i) = -11*i + 22. Give v(-12).
154
Let s(h) = -3*h**2 + 122*h + 428. Give s(44).
-12
Let p(n) = n**3 - 11*n**2 + 22*n + 8. Give p(6).
-40
Let y(b) = b**2 - 13*b - 17. Calculate y(23).
213
Let b(z) = -10*z - 232. Calculate b(-36).
128
Let w(q) = 101*q**3 - 229*q**2 - 231*q - 1. Determine w(-1).
-100
Let l(b) = -20*b**2 - 1900*b - 16. Determine l(-95).
-16
Let m(i) = i**3 - 11*i**2 + 11*i + 78. Calculate m(13).
559
Let l(s) = s**3 + 108*s**2 + 142*s + 3745. Give l(-107).
0
Let l(p) = p**2 + 48*p + 507. Determine l(-22).
-65
Let m(o) = 282*o - 848. Give m(3).
-2
Let i(z) = z**3 + 27*z**2 + 18*z - 182. What is i(-26)?
26
Let m(y) = -2*y**3 - 370*y**2 - 12407*y + 143. Determine m(-141).
2
Let m(p) = -p**3 - 8*p**2 - 26*p - 164. What is m(-10)?
296
Let r(t) = 15*t**2 - 58*t - 120. Calculate r(-2).
56
Let m(c) = -37*c - 38. Determine m(-1).
-1
Let r(g) = 23*g**2 - 158*g - 19. Give r(8).
189
Let b(m) = 4*m**3 + 21*m**2 + 28*m + 40. What is b(-4)?
8
Let f(u) = 10*u**2 - 81*u - 1288. What is f(-8)?
0
Let s(q) = -45*q + 15. Calculate s(3).
-120
Let l(j) = 37*j + 2155. Give l(-61).
-102
Let g(y) = 24*y + 90. Give g(-4).
-6
Let f(a) = -a**2 - 12. Give f(13).
-181
Let g(k) = k**2 - 20*k + 8. Determine g(12).
-88
Let o(i) = 10*i**2 - 24*i + 25. Determine o(1).
11
Let c(u) = -1687*u - 6731. Determine c(-4).
17
Let b(r) = 2*r**3 - 25*r**2 - 9*r - 50. Calculate b(13).
2
Let t(n) = -4*n**2 + 161*n + 222. Give t(41).
99
Let f(a) = -13*a**2 - 48*a + 7. What is f(-4)?
-9
Let q(g) = -138*g - 1793. What is q(-13)?
1
Let v(j) = -2*j**2 - 11*j + 23. Calculate v(-7).
2
Let g(x) = -x**3 - 9*x**2 + 16*x - 30. Give g(-8).
-222
Let m(b) = 12*b**3 - 29*b**2 - 159*b - 131. What is m(-1)?
-13
Let k(d) = -d**3 - 29*d**2 + 96*d - 21. What is k(-32)?
-21
Let o(q) = q**2 - 40*q + 400. Give o(24).
16
Let z(h) = 345*h - 2069. Determine z(6).
1
Let d(h) = -21*h + 1081. Determine d(48).
73
Let n(j) = -8*j - 189. Determine n(-30).
51
Let h(c) = -26*c - 4. Calculate h(-3).
74
Let o(n) = 144*n + 6764. Determine o(-47).
-4
Let s(a) = 95*a**3 + 5*a**2 + 11*a + 7. What is s(-1)?
-94
Let f(o) = 977*o**2 - 1965*o + 8. Calculate f(2).
-14
Let t(x) = 2*x + 112. Determine t(-37).
38
Let d(g) = -115*g - 1815. Calculate d(-16).
25
Let l(g) = -g**2 - 62*g + 398. What is l(-67)?
63
Let j(r) = 4*r**2 - 285*r + 631. Calculate j(69).
10
Let f(l) = -46*l - 458. Determine f(-10).
2
Let x(u) = -u**3 - 10*u**2 + 23*u + 255. What is x(-9)?
-33
Let r(q) = 215*q - 864. Calculate r(4).
-4
Let y(l) = l**3 - 52*l**2 - 20*l + 1020. Give y(52).
-20
Let b(n) = 22*n**2 + 135*n + 19. Determine b(-6).
1
Let p(j) = 14*j - 24. Calculate p(27).
354
Let g(y) = y**2 + 3*y + 8. Calculate g(4).
36
Let w(a) = 2*a**2 - 23*a + 63. What is w(8)?
7
Let s(k) = 123*k - 7392. Determine s(60).
-12
Let n(r) = -r**3 - 2*r**2 + 106*r + 27. Determine n(-11).
-50
Let i(d) = -3*d**2 + 338*d - 554. Calculate i(111).
1
Let m(h) = 8*h**3 + 78*h**2 - 15*h + 11. Give m(-10).
-39
Let x(l) = -l**2 - l + 208. Determine x(-16).
-32
Let y(h) = -44*h. Calculate y(-1).
44
Let i(m) = -m**3 + 8*m**2 - 9*m + 12. Determine i(6).
30
Let h(f) = 2*f**3 - 12*f**2 - 19*f + 12. Determine h(7).
-23
Let j(o) = o**3 + 26*o**2 - 126*o - 166. What is j(-30)?
14
Let y(g) = g**3 - 4*g**2 + g + 17. Calculate y(0).
17
Let w(m) = 3*m + 48. What is w(-18)?
-6
Let k(t) = t - 69. Give k(-30).
-99
Let k(a) = a**2 - 42*a - 296. Calculate k(48).
-8
Let o(t) = -3*t + 257. Calculate o(50).
107
Let t(r) = 2*r**3 - 11*r**2 + 30*r - 842. Give t(9).
-5
Let z(y) = 2*y**2 + 2*y - 120. What is z(-12)?
144
Let x(n) = n**2 - 57*n + 559. Calculate x(12).
19
Let u(s) = -90*s - 1527. Calculate u(-17).
3
Let i(b) = 2*b**3 + 22*b**2 + 11*b + 100. What is i(-11)?
-21
Let y(o) = -2*o**2 + 305*o - 11656. Calculate y(76).
-28
Let p(n) = -3*n**2 + 772*n + 3103. Calculate p(-4).
-33
Let n(r) = -r**3 - 27*r**2 - 77*r - 88. Calculate n(-24).
32
Let y(q) = 2*q**3 - 38*q**2 - 39*q - 19. What is y(20)?
1
Let r(u) = 2*u**3 - 8*u**2 - 40*u + 164. Calculate r(4).
4
Let p(y) = y**3 + 20*y**2 + 29*y + 216. Calculate p(-19).
26
Let m(d) = d**3 - 31*d**2 - 39*d + 262. Determine m(32).
38
Let f(j) = -16*j**3 + 75*j**2 + 28*j - 17. Determine f(5).
-2
Let l(c) = -2*c**3 - 24*c**2 - 59*c - 14. Determine l(-5).
-69
Let z(d) = 300*d - 3009. Calculate z(10).
-9
Let i(m) = m**3 - 19*m**2 + 36*m - 48. What is i(17)?
-14
Let k(t) = 4322*t - 146942. Determine k(34).
6
Let p(m) = -m**3 + 147*m**2 + 448*m + 305. What is p(150)?
5
Let l(f) = -f**3 + 51*f**2 - 652*f + 98. Give l(24).
2
Let q(i) = -2*i**3 + 4*i**2 - 8*i + 54. What is q(4)?
-42
Let s(c) = c**3 - 146*c**2 + 2384*c + 3688. Calculate s(127).
5
Let v(h) = 296*h + 3555. Determine v(-12).
3
Let j(l) = 2*l**2 + 2209*l + 17557. Give j(-8).
13
Let t(z) = -z**3 - 75*z**2 + 83*z + 523. What is t(-76)?
-9
Let k(f) = -8*f - 85. What is k(-7)?
-29
Let t(d) = 7*d**2 + 7*d - 11. Give t(0).
-11
Let z(c) = -26*c - 250. Give z(-10).
10
Let j(h) = h**3 + 92*h**2 + 269*h + 180. Give j(-89).
2
Let w(l) = -l**2 - 56*l - 798. Calculate w(-34).
-50
Let j(v) = -3*v - 5. What is j(30)?
-95
Let h(k) = -k**3 - 18*k**2 - 33*k - 2. What is h(-2)?
0
Let h(u) = u**2 - 200*u + 9616. Give h(120).
16
Let s(r) = 214*r + 1700. Give s(-8).
-12
Let l(t) = 14*t - 391. What is l(26)?
-27
Let l(m) = -324*m + 286. Determine l(1).
-38
Let k(g) = 412*g - 1465. Calculate k(3).
-229
Let f(h) = 9*h**3 - h**2 + 114*h - 225. What is f(2)?
71
Let g(n) = 93*n - 1083. Determine g(14).
219
Let u(y) = -y**3 - 12*y**2 + y + 15. Calculate u(-12).
3
Let g(b) = -66*b - 430. Determine g(-7).
32
Let o(z) = -z**3 + 11*z**2 + 189*z + 15. Calculate o(19).
718
Let n(p) = -p**3 + 50*p**2 + 281*p + 24. Determine n(55).
354
Let i(w) = -3*w**3 - 17*w**2 + 34*w + 128. Determine i(-8).
304
Let m(t) = t**2 - 228*t - 6040. Determine m(252).
8
Let p(x) = 44*x**2 - 3*x - 12. What is p(-5)?
1103
Let v(i) = 3*i**2 + 91*i - 176. Give v(2).
18
Let n(b) = b**2 + 30*b - 2641. Calculate n(38).
-57
Let k(h) = -2*h**2 + 44*h + 1195. Give k(38).
-21
Let u(w) = w**2 + 8*w + 441. Calculate u(0).
441
Let j(r) = 8*r**2 + 53*r + 288. Give j(-6).
258
Let v(y) = -14700*y - 6. Give v(0).
-6
Let x(a) = -a**3 + 11*a**2 + 146*a - 1557. Determine x(11).
49
Let f(c) = 18*c**2 + 52*c - 177. Give f(3).
141
Let b(d) = 74*d**2 - 1481*d - 5. Give b(20).
-25
Let v(o) = -1065*o - 10636. Determine v(-10).
14
Let g(b) = 76*b + 209. Give g(-3).
-19
Let x(d) = -88*d - 519. Calculate x(-6).
9
Let a(t) = 4*t**2 + 83*t + 427. Calculate a(-10).
-3
Let s(r) = 10*r + 75. Calculate s(-3).
45
Let a(b) = -7*b**2 + 4*b + 41. Determine a(5).
-114
Let d(b) = -b**2 + 25*b - 192. What is d(31)?
-378
Let z(m) = -m**2 + 6*m + 1157. What is z(37)?
10
Let i(j) = j**3 - 11*j**2 - 26*j - 5. What is i(13)?
-5
Let l(o) = -o**2 - 64*o - 638. What is l(-13)?
25
Let z(l) = 55*l + 287. Determine z(-12).
-373
Let w(c) = 20*c**2 + 2